 digit of 1/(-1) - l/(-3)?
6
Let l(f) = 2*f**3 - 2*f**2 - 5*f + 3. Let a be l(3). Suppose -2*s = 2*s - a. Suppose -2*v = -4 - s. What is the units digit of v?
5
Let a(s) = -389*s**3 - 5*s - 6. What is the units digit of a(-1)?
8
Let o(f) = -24*f. What is the tens digit of o(-8)?
9
Let a(h) = -10*h + 14. What is the tens digit of a(-6)?
7
Suppose 3*z - 4*o - 41 - 68 = 0, 19 = z + 3*o. Suppose 2*k = -z + 85. What is the units digit of k?
7
Suppose -3*l - 1 = -43. What is the tens digit of l?
1
Let t(l) = l - 11. Let s(b) = 1. Let g(f) = 2*s(f) - t(f). What is the units digit of g(7)?
6
Let w be (-1)/2*1*4. What is the units digit of (-4)/w*4 + -3?
5
Suppose -n + 5*d + 22 = 0, 4*n - 29 = -5*d + 59. What is the units digit of n?
2
Suppose -p + 21 = -14. What is the tens digit of p?
3
Let d = -2 - 0. Let z be ((-10)/2)/((-1)/d). What is the tens digit of (168/30)/((-4)/z)?
1
Let t(l) = l**3 - 4*l**2 - 6*l - 8. Suppose -3 - 12 = 5*c. Let n(u) = -u**3 + 4*u**2 + 7*u + 9. Let m(w) = c*t(w) - 2*n(w). What is the units digit of m(5)?
1
Let s = 185 + -101. Suppose 0 = -3*g + 5*r + 60, 0 = -5*g + 2*r + r + s. What is the units digit of g?
5
Let h(d) = d + 1. Let r(b) = -3*b + 5*b - b**2 + 2*b**2. Let x be r(-4). What is the units digit of h(x)?
9
Let g(n) = n**3 + 5*n**2 + 2*n - 4. Let w be g(-4). Suppose v + 3 = w. What is the units digit of (-1*2)/(v/(-1))?
2
Suppose -m = 3*m - 116. Let x be (-1)/(1 + -2)*m. Suppose -2*h - 5*i + x = 0, -2*h = 2*i - 6 - 8. What is the units digit of h?
2
Suppose -65 = 2*i - 2*t - 205, 0 = 5*i + t - 362. What is the units digit of i?
2
Let i(u) = 9*u**2 - 3*u - 1. What is the tens digit of i(2)?
2
Let l(r) = -7*r - 6. Let v be l(-5). Suppose 0 = 5*j + v - 69. What is the units digit of j?
8
Suppose -2*j = -2*c - 552, -203 = -j + 4*c + 82. What is the hundreds digit of j?
2
What is the hundreds digit of 4 - (0 + 5 - 192)?
1
Let r(v) = 9*v + 5. Let s(j) = -2*j - 1. Let l be (-2)/4 + (-10)/(-4). Let u(x) = l*r(x) + 11*s(x). What is the tens digit of u(-4)?
1
Suppose -5*x - 85 = 40. Let p = 35 + x. What is the tens digit of p?
1
Let d(u) = u**3 - u**2 + 2*u. Suppose 0 = -2*o - x - 5, -3*x - 6 = 3*o - 2*x. Let k = o + 3. What is the units digit of d(k)?
8
Suppose 2*r = 5*t - 206, -4*t + 174 = -0*t + 3*r. What is the tens digit of t?
4
Let z = -58 + 231. What is the tens digit of z?
7
Let l(u) = -u**2 + u + 3. Let h be l(4). Let n = h - -14. What is the units digit of n?
5
Suppose 4*x - 3*s - 131 = 0, -5*x + s + 15 = -146. Suppose x = 5*w - 28. Suppose 3*r = w, 2 + 7 = 5*k + r. What is the units digit of k?
1
Let t = 91 - 41. Suppose 0 = z + 5*d - 24, -3*z + t = 2*d + 2*d. What is the tens digit of z?
1
Let s(r) = -r**2 - 4*r - 5. Let o be (-42)/10 - 2/(-10). Let a be s(o). Let w = 8 + a. What is the units digit of w?
3
Let a(r) = 4*r**3 - 5*r**2 - 6*r - 4. Let l(p) = -p**3 + p**2 + p + 1. Let t(s) = -a(s) - 3*l(s). What is the tens digit of t(-2)?
1
Suppose 3*d - 1 = 2*d. Suppose -5*i = -l - l - 48, -2*l + 16 = 3*i. Suppose a + d = i. What is the units digit of a?
7
Let l(q) = 35*q**2 + 2*q - 3. What is the tens digit of l(1)?
3
Let r(j) = -j - 1. Suppose -2*l = -5*l - 4*v - 2, -2*l - 32 = -5*v. Let d be r(l). Suppose w - 1 = -d*y, y = 5*w - y - 32. What is the units digit of w?
6
Let a = -18 + 30. Suppose -12 = -i + a. What is the tens digit of i?
2
Let r = 267 - 169. Suppose 5*s - 85 = -3*y, s = 2*y + 2*y - r. What is the tens digit of y?
2
Suppose 3*j - 2 = k + 4, 2*k + 10 = 5*j. Suppose j*n = 3*b + 26, 3*n + b - 65 = -2*n. Suppose -4*v = -n + 5. What is the units digit of v?
2
Let x(k) = 2*k + 3. Let s be x(-3). Let n(g) = 5*g + 8. Let u(t) = -4*t - 7. Let i(q) = -3*n(q) - 4*u(q). What is the units digit of i(s)?
1
What is the tens digit of (-4)/(-14) + 6609/21?
1
Let r be (-268)/14 + 1/7. Let z = -10 - r. What is the units digit of z?
9
Let n(k) = -5*k + 1. Let h be n(1). Let a = -2 - h. Suppose -a*l - 5 = -4*r - 17, -r = -5*l + 30. What is the units digit of l?
6
Suppose 0*r - 168 = -6*r. What is the units digit of r?
8
Suppose k = l - 50, 0*l - k - 270 = -5*l. What is the units digit of l?
5
Let j = 6 - 9. Let k = 6 - j. What is the units digit of k?
9
Let c be 14/(-77) + (-114)/(-22). Suppose v = c*v - 44. What is the units digit of v?
1
Let w(f) = -f**2 - f. Let s be w(0). Suppose 5*k + 30 = 2*y, s = -y - k - 4*k. Suppose -2*d - 3*d + y = 0. What is the units digit of d?
2
Suppose -21 = -5*p + 4*g + 58, 5*p + 5*g - 70 = 0. What is the units digit of p?
5
Let o(g) = 3*g - 5. Let d be o(3). Suppose -d*u + 19 = 3. What is the units digit of u?
4
Let f = 71 - 29. What is the tens digit of f?
4
Let t be (-2 - -1)*(4 - 9). Suppose -4*b = t*j - 137, 3*j + 2*b - 3*b = 89. What is the tens digit of j?
2
Let h(i) = -26*i**3 - i - 1. Suppose -d + 4*d = -3. What is the units digit of h(d)?
6
Suppose -4*y = u - 0 - 8, 4*y = -5*u + 8. Let z be (-88)/(-12)*3 + -2. Suppose -3*x + y = -4*l + 6, 3*l - z = -2*x. What is the units digit of l?
4
What is the units digit of 4 + -3 - 36*-1?
7
Let v(s) = -s - 5. Let n be v(-7). Let j(g) = -5*g**2 - 3 + 2*g**n - 4*g + 4*g**2 - g. What is the units digit of j(6)?
3
Let m be -16*(3 + (-21)/6). Let y(q) = q**2 - 4*q - 9. What is the tens digit of y(m)?
2
Let b(z) = z + 3. Let o be b(3). Suppose -2*v - 24 + 18 = 0. Let c = o + v. What is the units digit of c?
3
What is the units digit of ((-176)/12)/(8/(-36))?
6
Let n = 18 - 4. Let q = n - 5. What is the units digit of q?
9
Suppose -d + 22 = 4*m, 4*d + d - 15 = -m. Suppose -3*j = 4*c + 11, d*j + j - 2*c - 1 = 0. What is the units digit of (0 + j)/(2/(-10))?
5
Suppose i = -3 + 45. Suppose -4*b + a + 11 = -i, -a - 5 = 0. What is the units digit of b?
2
Suppose g - 2*v = 5*g - 1126, -5*v = -g + 309. Suppose g + 46 = 6*q. What is the tens digit of q?
5
Let i = 4 - 6. Let z = i - -4. What is the units digit of 9 + z/2*1?
0
Suppose -24 + 60 = -3*v. What is the units digit of 8/v + 10/6?
1
Let p be (0 - 3) + -5 + -24. Let l = 57 + p. What is the units digit of l?
5
Let g(i) = -2*i**3 + 4*i**2 - 5*i + 3. Let h be g(3). What is the units digit of (h/75)/((-1)/70)?
8
Suppose j - 10 = 28. What is the tens digit of j?
3
Let x be (-12)/(-24) - (-2)/4. What is the units digit of (-3 + -4)*(0 - x)?
7
Let w = -21 + 6. What is the units digit of w/2*(-4)/5?
6
Suppose -2*o - 2*h = -80, 0*o + o - 28 = 2*h. What is the units digit of o?
6
Let a(f) = f**2 - 1. Let t(q) = 3*q**2 - 8. Let n(w) = 4*a(w) - t(w). Let r be n(0). Suppose 2*v = -4*p + 26, -2*v = 2*v + r. What is the units digit of p?
7
Let h = 7 + -1. Suppose 75 = -h*y + 237. What is the units digit of y?
7
Let x(j) be the second derivative of -j**5/10 - j**4/6 - j**3/2 - j**2 - j. What is the units digit of x(-2)?
2
Let n(w) = -w**3 - 6*w**2 - 2*w - 8. Let k be n(-6). Let u = k + -2. What is the units digit of u?
2
Suppose 4*h = h + 6. Suppose -18 - 10 = -7*v. Suppose v*b = 14 - h. What is the units digit of b?
3
Let i(j) = -j**2 + 12*j - 3. What is the units digit of i(9)?
4
Let d(a) = -a**2 + 13*a - 11. What is the units digit of d(8)?
9
Let z be 3/3 - (-3 - -1). Suppose -d - 4*d - 13 = -v, -z*v + 5*d + 9 = 0. What is the units digit of 6/9*(-3)/v?
1
Let f be ((-4)/6)/(4/(-30)). Suppose 0 = -f*z + 3*z + 24. What is the tens digit of z?
1
Let t = -4 + 10. Let f(v) = 3*v - 9. Let p be f(t). Let x = 3 + p. What is the tens digit of x?
1
Let f = 98 + -71. What is the tens digit of f?
2
Suppose -2*r = 5*k + 27, r + 11 = -0*r - 2*k. Let w be r*0/(-2) - -9. Suppose 4*b = m - w, -3*m = -5*b + 4*b - 16. What is the units digit of m?
5
Suppose -n - o + 410 = 0, -n = -6*n + 5*o + 2050. What is the units digit of n?
0
Let m(n) be the third derivative of -n**5/60 + 7*n**4/24 - 7*n**3/6 - 2*n**2. Let z be m(5). Suppose 2*f = z*f - 7. What is the units digit of f?
7
Let o(f) = 4*f - 6. Let d be o(6). Suppose q + x - 5 = 0, -3*q - 4*x = -0*x - d. Suppose 16 = 4*p - q*p. What is the units digit of p?
8
Let k be ((-4)/(-10))/(2/700). Suppose -43 = -y + m + 2, -3*y = 2*m - k. What is the units digit of y?
6
Let p be (-2)/(-3) + 10/3. Suppose -2*r = -4*q + 20, -p*r = -3 + 11. Suppose -2*i - q*g = -4*i + 14, -5*g + 35 = i. What is the tens digit of i?
1
Suppose 55*z - 50*z = 865. What is the tens digit of z?
7
Let l(b) = 